alculate the greatest common factor of 82955 and 470.
235
What is the greatest common factor of 153548 and 161?
23
Calculate the highest common factor of 117274 and 1337.
191
Calculate the highest common factor of 24321 and 603.
201
Calculate the highest common divisor of 1392 and 254388.
348
Calculate the highest common divisor of 6219 and 36.
9
What is the highest common factor of 22008 and 1176?
168
Calculate the greatest common divisor of 1496 and 352.
88
Calculate the highest common divisor of 224 and 669056.
32
What is the highest common factor of 15523 and 215?
43
Calculate the greatest common divisor of 168 and 2643.
3
What is the greatest common factor of 206 and 887?
1
Calculate the highest common factor of 87 and 114354.
3
Calculate the greatest common factor of 398 and 174.
2
Calculate the highest common divisor of 4309 and 1457.
31
Calculate the greatest common factor of 465005 and 3.
1
Calculate the highest common factor of 1280204 and 6504.
1084
Calculate the highest common factor of 568 and 67876.
284
Calculate the highest common factor of 11925043 and 1391.
1391
What is the greatest common divisor of 152 and 338143?
19
What is the highest common factor of 130 and 71812?
26
What is the highest common divisor of 12257 and 59122?
721
Calculate the highest common divisor of 294 and 786.
6
Calculate the greatest common divisor of 7932846 and 102.
102
Calculate the highest common divisor of 11247 and 759.
69
What is the greatest common divisor of 515275 and 25?
25
What is the highest common factor of 31928 and 936?
104
Calculate the highest common divisor of 3443 and 9493.
11
Calculate the greatest common divisor of 3015 and 139695.
1005
What is the greatest common factor of 8446 and 23278?
206
What is the highest common factor of 308 and 21?
7
Calculate the greatest common factor of 247968 and 7504.
112
Calculate the highest common divisor of 948 and 93180.
12
What is the highest common factor of 56 and 11172?
28
Calculate the highest common factor of 750 and 84250.
250
What is the greatest common divisor of 1279611 and 6?
3
Calculate the greatest common divisor of 438784 and 857.
857
What is the highest common factor of 770 and 256025?
385
Calculate the highest common factor of 1022 and 260.
2
What is the greatest common divisor of 141 and 84459?
141
What is the greatest common divisor of 340 and 14348?
68
Calculate the greatest common factor of 592 and 148666.
74
What is the highest common factor of 76842 and 513?
27
Calculate the greatest common divisor of 19 and 53428.
19
Calculate the highest common divisor of 135 and 45135.
45
What is the greatest common factor of 52136 and 608?
152
Calculate the highest common divisor of 348696 and 6786.
522
Calculate the greatest common factor of 372 and 563022.
186
What is the highest common factor of 273 and 69706?
91
What is the greatest common factor of 3689 and 6307?
119
What is the greatest common factor of 20175 and 3675?
75
Calculate the highest common factor of 1283180 and 1245.
415
What is the greatest common divisor of 640 and 46720?
640
Calculate the greatest common factor of 1299623 and 13.
13
Calculate the highest common divisor of 1355 and 16210.
5
Calculate the greatest common factor of 108 and 684.
36
What is the highest common factor of 9454 and 870?
58
Calculate the greatest common factor of 9 and 60525.
9
What is the greatest common factor of 140 and 15140?
20
What is the highest common divisor of 420 and 231980?
140
Calculate the greatest common divisor of 204 and 87873.
51
Calculate the greatest common factor of 12372 and 132.
12
What is the highest common factor of 234 and 84422?
26
Calculate the highest common divisor of 336 and 104048.
112
Calculate the greatest common divisor of 9196 and 152944.
484
What is the highest common factor of 13578 and 8322?
438
Calculate the highest common divisor of 53 and 38213.
53
What is the greatest common divisor of 8050 and 1450?
50
What is the greatest common divisor of 770729 and 34?
17
Calculate the greatest common divisor of 223561 and 377.
377
What is the highest common divisor of 9456 and 30?
6
Calculate the highest common factor of 475 and 60.
5
What is the highest common divisor of 88 and 4631?
11
Calculate the greatest common divisor of 1887 and 6623.
37
Calculate the highest common factor of 3218346 and 126.
18
What is the greatest common divisor of 6206 and 10701?
29
What is the highest common factor of 76832 and 270970?
686
What is the greatest common factor of 306 and 8007?
51
What is the highest common divisor of 838 and 111035?
419
What is the greatest common divisor of 237 and 1064841?
237
Calculate the greatest common factor of 91 and 20797.
7
What is the highest common factor of 10 and 959590?
10
Calculate the highest common factor of 92820 and 18060.
420
Calculate the highest common divisor of 83754 and 361746.
1782
What is the greatest common divisor of 11242 and 434?
14
What is the greatest common divisor of 520320 and 7317?
813
Calculate the highest common divisor of 146256 and 66.
66
Calculate the highest common factor of 10735 and 437.
19
What is the greatest common divisor of 1862 and 3648?
38
Calculate the greatest common divisor of 226920 and 27280.
1240
Calculate the greatest common factor of 491 and 29951.
491
Calculate the highest common factor of 4088024 and 136.
136
What is the greatest common factor of 60 and 25?
5
What is the highest common factor of 21129 and 3?
3
Calculate the highest common divisor of 19230 and 1080.
30
What is the greatest common divisor of 691132 and 52?
52
Calculate the highest common factor of 148802 and 47.
47
What is the greatest common factor of 92064 and 15618?
822
Calculate the greatest common divisor of 1067 and 776.
97
What is the highest common divisor of 73378 and 38?
38
Calculate the greatest common factor of 102 and 31569.
51
Calculate the greatest common divisor of 362 and 2792.
2
Calculate the greatest common divisor of 666 and 1893.
3
What is the greatest common factor of 175507 and 1172?
293
What is the highest common factor of 123 and 333453?
123
What is the highest common divisor of 24432 and 1008?
48
What is the highest common divisor of 4164 and 30?
6
Calculate the highest common factor of 3336 and 412413.
417
Calculate the greatest common divisor of 363 and 49269.
33
What is the greatest common divisor of 1885 and 57681?
377
Calculate the highest common divisor of 66924 and 260.
52
What is the greatest common factor of 95146 and 452?
226
What is the greatest common factor of 48641 and 1397?
127
What is the highest common divisor of 16150 and 107350?
950
What is the greatest common factor of 910994 and 140?
14
What is the highest common divisor of 201132 and 185?
37
What is the highest common divisor of 824 and 313635?
103
Calculate the highest common factor of 13748 and 2.
2
What is the highest common factor of 11 and 54362?
11
Calculate the greatest common divisor of 22550 and 286.
22
Calculate the highest common divisor of 8840 and 4810.
130
What is the greatest common factor of 136640 and 12480?
320
What is the greatest common divisor of 26134 and 730?
146
What is the highest common divisor of 1809 and 1436949?
603
Calculate the highest common factor of 68049 and 9.
9
What is the highest common factor of 7 and 14819?
7
What is the highest common factor of 516 and 24983?
43
What is the highest common factor of 1960 and 16630?
10
Calculate the highest common factor of 97 and 5295909.
97
Calculate the highest common divisor of 20 and 30724.
4
What is the greatest common divisor of 11191 and 124?
31
What is the greatest common factor of 735 and 395?
5
Calculate the highest common divisor of 736 and 3772.
92
What is the highest common divisor of 504 and 55692?
252
What is the greatest common divisor of 4867 and 78029?
157
What is the highest common divisor of 12520 and 63226?
626
Calculate the greatest common factor of 419016 and 13.
13
Calculate the highest common divisor of 21939 and 71.
71
What is the highest common factor of 9 and 290097?
9
Calculate the greatest common divisor of 152559 and 279.
9
What is the highest common factor of 23666 and 2?
2
Calculate the highest common divisor of 1284558 and 66.
66
What is the greatest common factor of 57